{"id":7,"date":"2021-02-27T01:21:23","date_gmt":"2021-02-27T01:21:23","guid":{"rendered":"https:\/\/www.esmartservicios.com.mx\/?page_id=7"},"modified":"2026-03-08T16:29:18","modified_gmt":"2026-03-08T22:29:18","slug":"contact","status":"publish","type":"page","link":"https:\/\/www.esmartservicios.com.mx\/?page_id=7","title":{"rendered":"Contacto"},"content":{"rendered":"\t\t<div data-elementor-type=\"wp-page\" data-elementor-id=\"7\" class=\"elementor elementor-7\">\n\t\t\t\t\t\t<section class=\"elementor-section elementor-top-section elementor-element elementor-element-766e1c96 elementor-section-boxed elementor-section-height-default elementor-section-height-default\" data-id=\"766e1c96\" data-element_type=\"section\">\n\t\t\t\t\t\t<div class=\"elementor-container elementor-column-gap-default\">\n\t\t\t\t\t<div class=\"elementor-column elementor-col-100 elementor-top-column elementor-element elementor-element-2f4451bc\" data-id=\"2f4451bc\" data-element_type=\"column\">\n\t\t\t<div class=\"elementor-widget-wrap elementor-element-populated\">\n\t\t\t\t\t\t<div class=\"elementor-element elementor-element-4b7ed916 elementor-widget elementor-widget-text-editor\" data-id=\"4b7ed916\" data-element_type=\"widget\" data-widget_type=\"text-editor.default\">\n\t\t\t\t<div class=\"elementor-widget-container\">\n\t\t\t\t\t\t\t\t\t<h2 style=\"text-align: center;\" data-sourcepos=\"5:3-5:270\"><span style=\"color: #0000ff;\"><strong>Si usted requiere soporte t\u00e9cnico especializado para sus equipos de telecomunicaciones, su red de datos, servicios de voz sobre IP (VoIP), sistemas de video-vigilancia (CCTV) o su infraestructura tecnol\u00f3gica, o si est\u00e1 interesado en la venta de equipo relacionado,<\/strong><\/span><\/h2><h2 style=\"text-align: center;\" data-sourcepos=\"7:3-7:129\"><span style=\"color: #0000ff;\">no dude en comunicarse con nosotros. En ESMART Servicios, ser\u00e1 un placer brindarle la atenci\u00f3n que necesita.<\/span><\/h2><h2 style=\"text-align: center;\"><span style=\"color: #0000ff;\"><!-- \/wp:heading --><\/span><\/h2><h2 style=\"text-align: center;\"><span style=\"color: #0000ff;\"><!-- wp:buttons --><\/span><\/h2><h2 class=\"wp-block-buttons\" style=\"text-align: center;\">\u00a0<\/h2><p><!-- \/wp:buttons --><\/p><p><!-- wp:wpforms\/form-selector {\"formId\":\"378\"} \/--><\/p><p><!-- wp:paragraph --><\/p><p><!-- \/wp:paragraph --><\/p>\t\t\t\t\t\t\t\t<\/div>\n\t\t\t\t<\/div>\n\t\t\t\t\t<\/div>\n\t\t<\/div>\n\t\t\t\t\t<\/div>\n\t\t<\/section>\n\t\t\t\t<section class=\"elementor-section elementor-top-section elementor-element elementor-element-47f157f elementor-section-boxed elementor-section-height-default elementor-section-height-default\" data-id=\"47f157f\" data-element_type=\"section\">\n\t\t\t\t\t\t<div class=\"elementor-container elementor-column-gap-default\">\n\t\t\t\t\t<div class=\"elementor-column elementor-col-100 elementor-top-column elementor-element elementor-element-c3b2296\" data-id=\"c3b2296\" data-element_type=\"column\">\n\t\t\t<div class=\"elementor-widget-wrap elementor-element-populated\">\n\t\t\t\t\t\t<div class=\"elementor-element elementor-element-95d7d82 elementor-widget elementor-widget-wpforms\" data-id=\"95d7d82\" data-element_type=\"widget\" data-widget_type=\"wpforms.default\">\n\t\t\t\t<div class=\"elementor-widget-container\">\n\t\t\t\t\t<div class=\"wpforms-container wpforms-container-full\" id=\"wpforms-378\"><form id=\"wpforms-form-378\" class=\"wpforms-validate wpforms-form wpforms-ajax-form\" data-formid=\"378\" method=\"post\" enctype=\"multipart\/form-data\" action=\"\/index.php?rest_route=%2Fwp%2Fv2%2Fpages%2F7\" data-token=\"bff092aeb44261d8c673d3cda3ba7d32\" data-token-time=\"1776612101\"><noscript class=\"wpforms-error-noscript\">Por favor, activa JavaScript en tu navegador para completar este formulario.<\/noscript><div class=\"wpforms-field-container\"><div id=\"wpforms-378-field_0-container\" class=\"wpforms-field wpforms-field-name\" data-field-id=\"0\"><label class=\"wpforms-field-label\">Name <span class=\"wpforms-required-label\">*<\/span><\/label><div class=\"wpforms-field-row wpforms-field-medium\"><div class=\"wpforms-field-row-block wpforms-first wpforms-one-half\"><input type=\"text\" id=\"wpforms-378-field_0\" class=\"wpforms-field-name-first wpforms-field-required\" name=\"wpforms[fields][0][first]\" required><label for=\"wpforms-378-field_0\" class=\"wpforms-field-sublabel after\">Nombre<\/label><\/div><div class=\"wpforms-field-row-block wpforms-one-half\"><input type=\"text\" id=\"wpforms-378-field_0-last\" class=\"wpforms-field-name-last wpforms-field-required\" name=\"wpforms[fields][0][last]\" required><label for=\"wpforms-378-field_0-last\" class=\"wpforms-field-sublabel after\">Apellidos<\/label><\/div><\/div><\/div><div id=\"wpforms-378-field_1-container\" class=\"wpforms-field wpforms-field-email\" data-field-id=\"1\"><label class=\"wpforms-field-label\" for=\"wpforms-378-field_1\">Email <span class=\"wpforms-required-label\">*<\/span><\/label><input type=\"email\" id=\"wpforms-378-field_1\" class=\"wpforms-field-medium wpforms-field-required\" name=\"wpforms[fields][1]\" spellcheck=\"false\" required><\/div><div id=\"wpforms-378-field_2-container\" class=\"wpforms-field wpforms-field-textarea\" data-field-id=\"2\"><label class=\"wpforms-field-label\" for=\"wpforms-378-field_2\">Comment or Message <span class=\"wpforms-required-label\">*<\/span><\/label><textarea id=\"wpforms-378-field_2\" class=\"wpforms-field-medium wpforms-field-required\" name=\"wpforms[fields][2]\" required><\/textarea><\/div><\/div><!-- .wpforms-field-container --><div class=\"wpforms-submit-container\" ><input type=\"hidden\" name=\"wpforms[id]\" value=\"378\"><input type=\"hidden\" name=\"page_title\" value=\"\"><input type=\"hidden\" name=\"page_url\" value=\"https:\/\/www.esmartservicios.com.mx\/index.php?rest_route=%2Fwp%2Fv2%2Fpages%2F7\"><button type=\"submit\" name=\"wpforms[submit]\" id=\"wpforms-submit-378\" class=\"wpforms-submit\" data-alt-text=\"Sending...\" data-submit-text=\"Submit\" aria-live=\"assertive\" value=\"wpforms-submit\">Submit<\/button><img decoding=\"async\" src=\"https:\/\/www.esmartservicios.com.mx\/wp-content\/plugins\/wpforms-lite\/assets\/images\/submit-spin.svg\" class=\"wpforms-submit-spinner\" style=\"display: none;\" width=\"26\" height=\"26\" alt=\"Cargando\"><\/div><\/form><\/div>  <!-- .wpforms-container -->\t\t\t\t<\/div>\n\t\t\t\t<\/div>\n\t\t\t\t\t<\/div>\n\t\t<\/div>\n\t\t\t\t\t<\/div>\n\t\t<\/section>\n\t\t\t\t<section class=\"elementor-section elementor-top-section elementor-element elementor-element-c3a24ea elementor-section-boxed elementor-section-height-default elementor-section-height-default\" data-id=\"c3a24ea\" data-element_type=\"section\">\n\t\t\t\t\t\t<div class=\"elementor-container elementor-column-gap-default\">\n\t\t\t\t\t<div class=\"elementor-column elementor-col-100 elementor-top-column elementor-element elementor-element-d86c512\" data-id=\"d86c512\" data-element_type=\"column\">\n\t\t\t<div class=\"elementor-widget-wrap elementor-element-populated\">\n\t\t\t\t\t\t<div class=\"elementor-element elementor-element-74d7d6d elementor-widget elementor-widget-image\" data-id=\"74d7d6d\" data-element_type=\"widget\" data-widget_type=\"image.default\">\n\t\t\t\t<div class=\"elementor-widget-container\">\n\t\t\t\t\t\t\t\t\t\t\t\t\t\t\t<img fetchpriority=\"high\" decoding=\"async\" width=\"580\" height=\"870\" src=\"https:\/\/www.esmartservicios.com.mx\/wp-content\/uploads\/2022\/02\/pexels-olha-ruskykh-7504896-1-683x1024.jpg\" class=\"attachment-large size-large wp-image-497\" alt=\"\" srcset=\"https:\/\/www.esmartservicios.com.mx\/wp-content\/uploads\/2022\/02\/pexels-olha-ruskykh-7504896-1-683x1024.jpg 683w, https:\/\/www.esmartservicios.com.mx\/wp-content\/uploads\/2022\/02\/pexels-olha-ruskykh-7504896-1-200x300.jpg 200w, https:\/\/www.esmartservicios.com.mx\/wp-content\/uploads\/2022\/02\/pexels-olha-ruskykh-7504896-1-768x1152.jpg 768w, https:\/\/www.esmartservicios.com.mx\/wp-content\/uploads\/2022\/02\/pexels-olha-ruskykh-7504896-1-1024x1536.jpg 1024w, https:\/\/www.esmartservicios.com.mx\/wp-content\/uploads\/2022\/02\/pexels-olha-ruskykh-7504896-1-1365x2048.jpg 1365w, https:\/\/www.esmartservicios.com.mx\/wp-content\/uploads\/2022\/02\/pexels-olha-ruskykh-7504896-1-1568x2352.jpg 1568w, https:\/\/www.esmartservicios.com.mx\/wp-content\/uploads\/2022\/02\/pexels-olha-ruskykh-7504896-1-scaled.jpg 1707w\" sizes=\"(max-width: 580px) 100vw, 580px\" \/>\t\t\t\t\t\t\t\t\t\t\t\t\t\t\t<\/div>\n\t\t\t\t<\/div>\n\t\t\t\t\t<\/div>\n\t\t<\/div>\n\t\t\t\t\t<\/div>\n\t\t<\/section>\n\t\t\t\t<\/div>\n\t\t","protected":false},"excerpt":{"rendered":"<p>Si usted requiere soporte t\u00e9cnico especializado para sus equipos de telecomunicaciones, su red de datos, servicios de voz sobre IP (VoIP), sistemas de video-vigilancia (CCTV) o su infraestructura tecnol\u00f3gica, o si est\u00e1 interesado en la venta de equipo relacionado, no dude en comunicarse con nosotros. En ESMART Servicios, ser\u00e1 un placer brindarle la atenci\u00f3n que [&hellip;]<\/p>\n","protected":false},"author":1,"featured_media":0,"parent":0,"menu_order":0,"comment_status":"closed","ping_status":"closed","template":"elementor_header_footer","meta":{"footnotes":""},"class_list":["post-7","page","type-page","status-publish","hentry"],"_links":{"self":[{"href":"https:\/\/www.esmartservicios.com.mx\/index.php?rest_route=\/wp\/v2\/pages\/7","targetHints":{"allow":["GET"]}}],"collection":[{"href":"https:\/\/www.esmartservicios.com.mx\/index.php?rest_route=\/wp\/v2\/pages"}],"about":[{"href":"https:\/\/www.esmartservicios.com.mx\/index.php?rest_route=\/wp\/v2\/types\/page"}],"author":[{"embeddable":true,"href":"https:\/\/www.esmartservicios.com.mx\/index.php?rest_route=\/wp\/v2\/users\/1"}],"replies":[{"embeddable":true,"href":"https:\/\/www.esmartservicios.com.mx\/index.php?rest_route=%2Fwp%2Fv2%2Fcomments&post=7"}],"version-history":[{"count":58,"href":"https:\/\/www.esmartservicios.com.mx\/index.php?rest_route=\/wp\/v2\/pages\/7\/revisions"}],"predecessor-version":[{"id":1299,"href":"https:\/\/www.esmartservicios.com.mx\/index.php?rest_route=\/wp\/v2\/pages\/7\/revisions\/1299"}],"wp:attachment":[{"href":"https:\/\/www.esmartservicios.com.mx\/index.php?rest_route=%2Fwp%2Fv2%2Fmedia&parent=7"}],"curies":[{"name":"wp","href":"https:\/\/api.w.org\/{rel}","templated":true}]}}